ors of 40061158.
2, 19, 37, 28493
List the prime factors of 510083042.
2, 7, 587, 8867
List the prime factors of 957250721.
7, 1307, 14947
List the prime factors of 230312125.
5, 1842497
List the prime factors of 1218790847.
2473, 492839
What are the prime factors of 71397418?
2, 47, 759547
What are the prime factors of 2892040646?
2, 11, 17, 7732729
List the prime factors of 178170742.
2, 23, 131, 29567
What are the prime factors of 8047626128?
2, 43, 11697131
List the prime factors of 3873262114.
2, 1936631057
List the prime factors of 184579538.
2, 11, 13, 645383
List the prime factors of 356369567.
19, 23, 815491
List the prime factors of 8537274.
2, 3, 67, 7079
List the prime factors of 1372631186.
2, 1049, 654257
List the prime factors of 3962970458.
2, 1981485229
What are the prime factors of 226346184?
2, 3, 59, 17761
What are the prime factors of 37865887?
37865887
List the prime factors of 198266219.
198266219
List the prime factors of 2492559579.
3, 541, 1535773
What are the prime factors of 139467571?
109, 1279519
List the prime factors of 64971240.
2, 3, 5, 67, 8081
What are the prime factors of 135231021?
3, 31, 101, 4799
List the prime factors of 12189583.
7, 19, 13093
What are the prime factors of 54373038?
2, 3, 17, 31357
List the prime factors of 739095991.
19, 38899789
What are the prime factors of 33019819?
7, 4717117
What are the prime factors of 3267246362?
2, 83, 19682207
List the prime factors of 57710467.
19, 3037393
What are the prime factors of 19653217?
367, 53551
What are the prime factors of 1073106913?
1073106913
List the prime factors of 123302784.
2, 3, 11, 29191
List the prime factors of 116526215.
5, 13, 1792711
What are the prime factors of 2167997080?
2, 5, 17, 29, 223
What are the prime factors of 1165031838?
2, 3, 64723991
List the prime factors of 1735217092.
2, 7, 97, 131, 4877
List the prime factors of 54525297.
3, 18175099
What are the prime factors of 43996208?
2, 2749763
What are the prime factors of 53609933?
13, 4123841
List the prime factors of 21471671.
13, 1651667
What are the prime factors of 304097792?
2, 109, 5449
What are the prime factors of 49105102?
2, 24552551
List the prime factors of 19873390.
2, 5, 1987339
What are the prime factors of 53199301?
607, 87643
List the prime factors of 81595552.
2, 61, 41801
What are the prime factors of 604518898?
2, 302259449
List the prime factors of 52925425.
5, 7, 193, 1567
What are the prime factors of 596734829?
10271, 58099
List the prime factors of 33188583.
3, 11062861
What are the prime factors of 642772728?
2, 3, 13, 686723
What are the prime factors of 158354685?
3, 5, 173, 20341
List the prime factors of 24354844.
2, 73, 83407
List the prime factors of 6442028275.
5, 257681131
List the prime factors of 1206919552.
2, 113, 83443
List the prime factors of 169394851.
17, 9964403
What are the prime factors of 428216671?
31, 47, 83, 3541
List the prime factors of 220457129.
107, 2060347
List the prime factors of 65790221.
7, 17, 552859
What are the prime factors of 993505102?
2, 23, 829, 26053
What are the prime factors of 7370646133?
421, 17507473
What are the prime factors of 237504251?
83, 2861497
What are the prime factors of 50631490?
2, 5, 7, 13, 55639
List the prime factors of 135802809.
3, 15089201
What are the prime factors of 21236482?
2, 277, 38333
List the prime factors of 913425852.
2, 3, 76118821
List the prime factors of 2214185199.
3, 31, 229, 103967
List the prime factors of 304908699.
3, 101636233
List the prime factors of 201821278.
2, 8431, 11969
List the prime factors of 2177418370.
2, 5, 9829, 22153
List the prime factors of 7846130.
2, 5, 389, 2017
What are the prime factors of 548773321?
941, 583181
List the prime factors of 11621932.
2, 7, 415069
What are the prime factors of 4233356842?
2, 11, 13, 2179, 6793
What are the prime factors of 79911738?
2, 3, 31, 47737
What are the prime factors of 242613370?
2, 5, 353, 68729
List the prime factors of 1059979598.
2, 529989799
What are the prime factors of 4512623?
23, 196201
List the prime factors of 2367037852.
2, 37, 15993499
What are the prime factors of 521030652?
2, 3, 59, 735919
What are the prime factors of 1017177643?
17, 53, 1128943
List the prime factors of 4614201850.
2, 5, 92284037
List the prime factors of 3138973742.
2, 31849, 49279
What are the prime factors of 85381755?
3, 5, 37, 153841
List the prime factors of 172981218.
2, 3, 3203, 9001
What are the prime factors of 251670737?
17, 870833
What are the prime factors of 339143798?
2, 7, 1049, 3299
List the prime factors of 196800471.
3, 7, 271, 11527
List the prime factors of 2661954134.
2, 7, 47, 4045523
List the prime factors of 249899150.
2, 5, 17, 293999
What are the prime factors of 143406059?
61, 151, 15569
What are the prime factors of 328298425?
5, 7, 13, 144307
List the prime factors of 224794992.
2, 3, 4683229
What are the prime factors of 6522308?
2, 13, 125429
List the prime factors of 72802117.
487, 149491
List the prime factors of 24771579.
3, 7, 1179599
What are the prime factors of 1462378516?
2, 365594629
List the prime factors of 34506466.
2, 17253233
List the prime factors of 2335706009.
7, 13, 1361, 18859
List the prime factors of 16482024.
2, 3, 13, 17609
What are the prime factors of 161684802?
2, 3, 23, 29, 67
List the prime factors of 165155604.
2, 3, 43, 101, 3169
What are the prime factors of 2862559510?
2, 5, 89, 3216359
List the prime factors of 41636324.
2, 431, 24151
What are the prime factors of 2567120865?
3, 5, 37, 4625443
What are the prime factors of 345603449?
127, 1277, 2131
What are the prime factors of 5080252835?
5, 7, 8353, 17377
What are the prime factors of 1287524063?
7, 47, 101, 38747
What are the prime factors of 1116806621?
7, 43, 47, 89, 887
List the prime factors of 1478931124.
2, 11, 2459, 13669
What are the prime factors of 65588818?
2, 131, 139, 1801
What are the prime factors of 1056051568?
2, 11, 13, 461561
What are the prime factors of 153724428?
2, 3, 11, 13, 2297
List the prime factors of 115568017.
257, 449681
What are the prime factors of 345363317?
13, 53, 431, 1163
What are the prime factors of 266600242?
2, 133300121
What are the prime factors of 646596632?
2, 11, 17, 67, 6451
What are the prime factors of 1154110260?
2, 3, 5, 19235171
List the prime factors of 3814883934.
2, 3, 193, 3294373
What are the prime factors of 1139452059?
3, 19, 19990387
List the prime factors of 274981053.
3, 19, 179, 26951
What are the prime factors of 8986919?
8986919
What are the prime factors of 76183569?
3, 7, 11, 47, 2339
What are the prime factors of 694165567?
6733, 103099
What are the prime factors of 143242352?
2, 11, 73, 11149
What are the prime factors of 5669409981?
3, 19, 99463333
List the prime factors of 116737698.
2, 3, 7, 11, 36097
List the prime factors of 313688853.
3, 29, 1201873
What are the prime factors of 2054699792?
2, 113, 1136449
What are the prime factors of 9206582?
2, 7, 11, 191, 313
What are the prime factors of 160510580?
2, 5, 2203, 3643
List the prime factors of 31290248.
2, 11, 355571
List the prime factors of 311135010.
2, 3, 5, 10371167
What are the prime factors of 2460934028?
2, 7, 87890501
List the prime factors of 320606819.
13, 71, 163, 2131
List the prime factors of 274261224.
2, 3, 43, 265757
What are the prime factors of 211250196?
2, 3, 67, 87583
What are the prime factors of 36242933?
59, 107, 5741
What are the prime factors of 7424119672?
2, 107, 8673037
List the prime factors of 4942217676.
2, 3, 11, 73, 512891
List the prime factors of 119521166.
2, 43, 67, 20743
What are the prime factors of 155886473?
155886473
List the prime factors of 2435922238.
2, 2579, 472261
List the prime factors of 65335053.
3, 7, 19, 373, 439
List the prime factors of 150945440.
2, 5, 943409
What are the prime factors of 2589578521?
31, 137, 609743
List the prime factors of 1166591008.
2, 11, 31, 9719
What are the prime factors of 1107673397?
1107673397
List the prime factors of 7679289499.
7, 1097041357
List the prime factors of 11622783.
3, 659, 5879
List the prime factors of 72766956.
2, 3, 6063913
What are the prime factors of 933929396?
2, 887, 263227
What are the prime factors of 1779838214?
2, 7, 11, 107, 108013
What are the prime 